3. Let v(k) = -6*k + 2. Let q(f) = 4*j(f) + 5*v(f). Let z be q(-5). Suppose 5*p - 37 = a, 4*a - z = -2*p + a. What is the units digit of p?
7
Let z(c) = c**2 - 2*c - 11. What is the units digit of z(12)?
9
Suppose 0 = 3*g - 4*g - 4. What is the units digit of (-22)/(-5) - g/(-10)?
4
Let l(d) = -d**2 + 8*d - 3. Let p be l(5). What is the tens digit of ((-4)/p)/((-3)/126)?
1
Let u = -7 - -9. Let v(m) = 2*m**2 + 3*m - 2. What is the units digit of v(u)?
2
Let u be (74/(-5) - -5) + (-1)/5. Suppose 10 + 38 = 2*s. Let m = u + s. What is the units digit of m?
4
Let g = 12 - 4. Let i be ((-14)/(-4))/7*2. Let j = g - i. What is the units digit of j?
7
Let o(v) = -1 + 2 + 4*v + 9*v. What is the tens digit of o(1)?
1
Suppose -4*f = -3*f - 2. Suppose -12 = 11*a - 7*a. What is the units digit of f/((-2)/a) - -9?
2
Suppose 0 = i - 3*i + 48. What is the units digit of i?
4
Let n = 147 + -86. What is the tens digit of n?
6
Let h = -2 - -8. Suppose 4*n + h - 28 = -3*d, 4*d = -5*n + 29. Suppose i - 3 = d. What is the units digit of i?
9
Let d(q) = q**3 - 5*q**2 + 7*q - 7. Let h be d(5). Let f = -16 + h. What is the units digit of f?
2
Let y = -11 + 11. Suppose 0 = -y*d + 4*d - 72. What is the units digit of d?
8
Suppose -2*g - 4*s + 2*s = -54, 9 = -3*s. What is the tens digit of (8/6)/(4/g)?
1
Suppose 2*h + 58 = -0*h. Let n = -45 - h. What is the units digit of (6/4)/((-4)/n)?
6
Let n(i) = -i**3 - 4*i**2 - 4*i - 1. Let o be n(-3). Suppose -h + 5 = o. What is the units digit of 17*(-2 - (-9)/h)?
7
Let u = -205 - -302. What is the tens digit of u?
9
Let o be 2 + -1 + (-1)/1. Suppose -4 = -4*z - o*z. What is the units digit of 12/3*1/z?
4
Suppose -207 = -3*b - 0*b - 3*t, -3*t - 369 = -5*b. What is the tens digit of b?
7
Suppose 2*p - 146 = 4*v, -7*v + 2*v = 2*p - 173. What is the tens digit of p?
7
Let f(q) = q**2 + q + 1. Let n(a) = -4*a**2 - 4*a + 1. Let v(t) = 5*f(t) + n(t). Let b = -14 - -14. What is the units digit of v(b)?
6
Suppose -2*a - a + 9 = 0. Suppose -3*j + 3 = 0, 2*g - a*j + 6*j - 13 = 0. Suppose -25 = -g*u, -2*v = 4*u + u - 31. What is the units digit of v?
3
Let o = 48 - 29. What is the tens digit of o?
1
Suppose -4*y + 20 = 0, 5*s + 2*y = -37 + 7. What is the units digit of (-1)/2 + (-52)/s?
6
Let h(z) = z**2 + 3*z + 3. Let a be h(-3). Let p be 12/1*1/2. Let l = p - a. What is the units digit of l?
3
Let f = 42 + -7. Let c = f - -13. What is the units digit of c?
8
Let l(p) = -p**3 - 4*p**2 + 4. Let j be l(-4). Suppose -j*n + 124 = 16. What is the units digit of n?
7
Let g = 63 - 41. Let b = -10 + g. What is the units digit of b?
2
Suppose 2*p - 6*p + 152 = 5*b, 0 = -5*b - p + 158. Suppose -b - 26 = -2*d. Let o = d + -21. What is the units digit of o?
8
Let v(a) be the first derivative of -5*a**2/2 - 2*a - 2. Let t be v(-3). Suppose 2*h - t = h. What is the units digit of h?
3
What is the tens digit of -21*-8*3/6?
8
Suppose -3*i = -5*i + 12. What is the units digit of i?
6
Suppose -4*r + 20 = 0, 0 = 4*l - 3*r - 2 - 7. What is the units digit of l?
6
Let j(v) = v**3 - 6*v**2 + 7*v - 5. Let s be j(5). Let x be (-2)/s + 27/5. Suppose -2*k + 19 = b, -7*k + 60 = x*b - 4*k. What is the units digit of b?
9
Let o(r) = r + 6. Let d be o(5). Let v = 23 - d. What is the tens digit of v?
1
Let r(c) = 10*c + 19. What is the tens digit of r(6)?
7
Let j be 10/15*(-18)/4. What is the tens digit of 116/12 - 1/j?
1
Let q(z) = 105*z + 10. What is the tens digit of q(2)?
2
Suppose 2*v + p - 34 = 0, v = 4*v + 3*p - 54. Let z be (4/6)/(2/9). Suppose -i - z*i = -v. What is the units digit of i?
4
Suppose -5*s = 2*g - 4 - 13, 23 = 4*g - s. Suppose g*p + m = p + 105, -15 = -3*m. What is the units digit of p?
0
Let x be 5 + -2 + (2 - 10). Let c = x + 12. What is the units digit of c?
7
What is the tens digit of (173/2)/(6/12)?
7
Let u = 6 - -24. What is the tens digit of u?
3
Let i(y) = y**2 - 16*y + 11. What is the tens digit of i(17)?
2
Suppose 2*c = -c - 5*j + 76, -c = 4*j - 16. What is the units digit of c?
2
Suppose 0 = 2*y - 5*d + 3, 0 = -y + 4*d - 6 - 0. Suppose 5*o - 1 = 6*o. Let s = y + o. What is the units digit of s?
5
What is the tens digit of 4 + (-2)/(-6)*93?
3
Let d = -4 - -8. Suppose -24 = -5*m + p + 62, 0 = d*m - 4*p - 72. Suppose 4*s - m = -1, -4*u = -5*s + 12. What is the units digit of u?
2
Suppose 2*u + 3 = 5*u. What is the units digit of (-4 + u)*4/(-3)?
4
Let h be 1/(((-9)/39)/3). Let p = h - -8. Let t = 13 + p. What is the units digit of t?
8
What is the hundreds digit of ((0 - -2) + -5)*-47?
1
Suppose q = 2*x + 61, 5*q + 2*x + x - 318 = 0. What is the tens digit of q?
6
Let c = 47 - -54. What is the units digit of c?
1
Suppose h = -3*h + 16. Suppose 0 = -5*f + h*x + 17, -2*x + 2 - 12 = -4*f. What is the units digit of 1*6 + 0 - f?
5
Let c(r) = 238*r + 3. What is the hundreds digit of c(1)?
2
Let x = 7 + -5. Suppose 2*t + 64 = 4*j - 0*t, -j + x*t + 19 = 0. What is the tens digit of j?
1
Let m(h) = -h**2 + 33*h - 11. What is the tens digit of m(27)?
5
Suppose -t = 5*d - 15, -5*t + 6 = -3*d - 69. What is the units digit of 1 + 0 + -5 + t?
1
Suppose -6*n + 10*n = 8. Suppose 5*x = n*x + 87. What is the units digit of x?
9
Let z(f) = 5*f**2 + 2*f - 3. Let i be z(2). Suppose -42 = -2*n + 4*v, 2*n - 64 = 3*v - i. Suppose -2*b = -n + 1. What is the tens digit of b?
1
Let s(r) = -r - 3. Let i be s(-3). Suppose c = 4*p + 62, -p = -i*p - 5*c + 25. Let y = p + 23. What is the units digit of y?
8
Let v = -124 + 251. Suppose 5*q + 3*m - 26 = v, -65 = -2*q - 5*m. What is the tens digit of q?
3
Suppose 0 = -2*t - 2*t. Let x = 7 - t. What is the units digit of x?
7
Suppose 3*o - 267 = 165. What is the hundreds digit of o?
1
Suppose -z + 25 = -f - 172, 3*z = -3*f + 615. Let b = z + -141. Suppose b = 4*o - o. What is the tens digit of o?
2
Let x be 33/(-4) + (-1)/(-4). Let j = x - -16. What is the units digit of j?
8
Suppose 4*y - 2*g + 14 = 2*y, -11 = 5*y + g. Let m be y + 3 + -3 + -5. Let q = m - -20. What is the units digit of q?
2
Suppose 2*w + 48 - 119 = 3*d, 65 = 2*w - 5*d. Let c be ((-21)/(-1) - 3)*-1. What is the units digit of (c/(-15))/(6/w)?
8
Let f(m) = m**2 - 12*m - 2. Let o be f(12). What is the units digit of (o - -4) + (0 - -23)?
5
Let a(u) = -u**3 + 4*u**2 - u - 4. Suppose 5*y = 3*d + 30, -3*y + d + 20 = 2*y. What is the units digit of a(y)?
2
Suppose -d = 4*d - 165. What is the units digit of d?
3
Let z = 8 - 5. What is the units digit of 38*(7 - z)/4?
8
Let c = 54 - -52. What is the units digit of c?
6
Let d = 1 - 1. Suppose -g + d*n + 4*n - 23 = 0, -5*g - 2*n - 27 = 0. Let c = 1 - g. What is the units digit of c?
8
Let d = 6 - 5. What is the units digit of 1 - 1/d - -5?
5
Let w(t) = 3*t**3 + t**2 - t. Let r be w(1). Suppose -r - 7 = -2*q. What is the units digit of q?
5
Let d = 27 - -53. What is the units digit of d?
0
Let k(m) = m**3 - 2*m**2 - 2*m + 4. What is the units digit of k(3)?
7
Let w = 33 - 25. What is the units digit of w?
8
Suppose -11 = -4*u - c, u - c = 2*c + 6. Suppose u*y - 30 = -0*y. Suppose 5*v - 5*k + y = -0*v, 5*v = 2*k + 5. What is the units digit of v?
3
Suppose 3*w + 9 - 27 = -3*i, 0 = -2*w + 5*i - 2. Suppose -3*b = r - 6, w*b + r + 0*r = 7. What is the units digit of b - (3*-1 - 1)?
5
Let w(q) = -q**2 - 13*q - 9. What is the units digit of w(-8)?
1
Let h = 246 + -146. What is the tens digit of h?
0
Let a(s) = s**3 + 2*s**2 + 2. Suppose 4*y - 6 = y. What is the units digit of a(y)?
8
Let i = 12 + 136. Suppose -4*o + 8*o - i = 0. Suppose 5*a - 10 = 5*w, o = 5*a - 2*w + 6*w. What is the units digit of a?
5
Let y = -162 - -91. Let a = -46 - y. What is the units digit of a?
5
Suppose -7*g - 34 = -8*g. What is the tens digit of g?
3
Let f be 404/10 - (-6)/(-15). Suppose -i + f = i. What is the tens digit of i?
2
What is the hundreds digit of (16/8)/(147/(-74) + 2)?
1
Suppose -14 - 130 = -9*j. Suppose n = -4*n. Suppose n*t - j = -t. What is the tens digit of t?
1
Let m = 79 + -48. What is the units digit of m?
1
Suppose -2*b + 2*c - 110 = 0, -5*c - 59 = 4*b + 116. Let i = 87 + b. What is the tens digit of i?
3
Let r = -158 - -235. What is the units digit of r?
7
Let n = 146 + 50. What is the tens digit of n?
9
Let u(j) be the third derivative of j**6/180 - j**5/40 + j**4/12 - j**3/3 - j**2. Let t(f) be the first derivative o